{"id":69,"date":"2018-09-28T08:07:01","date_gmt":"2018-09-28T11:07:01","guid":{"rendered":"http:\/\/gamen.cl\/sitio\/?page_id=69"},"modified":"2018-09-30T21:47:31","modified_gmt":"2018-10-01T00:47:31","slug":"montaje-industrial","status":"publish","type":"page","link":"https:\/\/gamen.cl\/sitio\/montaje-industrial\/","title":{"rendered":"Montaje Industrial"},"content":{"rendered":"<p>Dependiendo de los requerimientos de nuestros clientes podemos realizar montajes de l\u00edneas de procesos completos, como tambi\u00e9n partes de ellas o ampliaciones de proceso de producci\u00f3n, basados en las especificaciones t\u00e9cnicas de proveedores de maquinaria y planos de ingenier\u00eda. Nuestro equipo de trabajo garantiza la supervisi\u00f3n directa de los trabajos y el cumplimiento de los est\u00e1ndares de calidad y plazos acordados.<\/p>\n<p>&nbsp;<\/p>\n<p><img loading=\"lazy\" decoding=\"async\" class=\"alignnone wp-image-130 \" src=\"http:\/\/gamen.cl\/sitio\/wp-content\/uploads\/2018\/09\/1e88eb34-e35d-430b-9313-b229a02fb69c.jpg\" alt=\"\" width=\"748\" height=\"364\" srcset=\"https:\/\/gamen.cl\/sitio\/wp-content\/uploads\/2018\/09\/1e88eb34-e35d-430b-9313-b229a02fb69c.jpg 1280w, https:\/\/gamen.cl\/sitio\/wp-content\/uploads\/2018\/09\/1e88eb34-e35d-430b-9313-b229a02fb69c-768x373.jpg 768w, https:\/\/gamen.cl\/sitio\/wp-content\/uploads\/2018\/09\/1e88eb34-e35d-430b-9313-b229a02fb69c-100x48.jpg 100w, https:\/\/gamen.cl\/sitio\/wp-content\/uploads\/2018\/09\/1e88eb34-e35d-430b-9313-b229a02fb69c-230x111.jpg 230w\" sizes=\"auto, (max-width: 748px) 100vw, 748px\" \/><\/p>\n","protected":false},"excerpt":{"rendered":"<p>Dependiendo de los requerimientos de nuestros clientes podemos realizar montajes de l\u00edneas de procesos completos, como tambi\u00e9n partes de ellas o ampliaciones de proceso de producci\u00f3n, basados en las especificaciones t\u00e9cnicas de proveedores de maquinaria y planos de ingenier\u00eda. Nuestro equipo de trabajo garantiza la supervisi\u00f3n directa de los trabajos y el cumplimiento de los est\u00e1ndares de calidad y plazos acordados. &nbsp;<\/p>\n","protected":false},"author":1,"featured_media":0,"parent":0,"menu_order":0,"comment_status":"closed","ping_status":"closed","template":"","meta":{"footnotes":""},"class_list":["post-69","page","type-page","status-publish","hentry"],"_links":{"self":[{"href":"https:\/\/gamen.cl\/sitio\/wp-json\/wp\/v2\/pages\/69","targetHints":{"allow":["GET"]}}],"collection":[{"href":"https:\/\/gamen.cl\/sitio\/wp-json\/wp\/v2\/pages"}],"about":[{"href":"https:\/\/gamen.cl\/sitio\/wp-json\/wp\/v2\/types\/page"}],"author":[{"embeddable":true,"href":"https:\/\/gamen.cl\/sitio\/wp-json\/wp\/v2\/users\/1"}],"replies":[{"embeddable":true,"href":"https:\/\/gamen.cl\/sitio\/wp-json\/wp\/v2\/comments?post=69"}],"version-history":[{"count":6,"href":"https:\/\/gamen.cl\/sitio\/wp-json\/wp\/v2\/pages\/69\/revisions"}],"predecessor-version":[{"id":207,"href":"https:\/\/gamen.cl\/sitio\/wp-json\/wp\/v2\/pages\/69\/revisions\/207"}],"wp:attachment":[{"href":"https:\/\/gamen.cl\/sitio\/wp-json\/wp\/v2\/media?parent=69"}],"curies":[{"name":"wp","href":"https:\/\/api.w.org\/{rel}","templated":true}]}}